21
Let v(f) = -5*f + 3. Let a = 217 - 211. What is the remainder when v(-4) is divided by a?
5
Suppose -96 = -3*m - 21. Calculate the remainder when m is divided by 13.
12
What is the remainder when ((-6)/(-9))/(2/36) is divided by 3?
0
Let p be 45/(-6) + (-1)/(-2). Calculate the remainder when 822/14 + (-2)/p is divided by 20.
19
Suppose -2*v + 94 = -a - 2*a, -2*a = 5*v + 50. Let i = a + 63. Calculate the remainder when i is divided by 12.
9
Suppose -k = -2*k + 2. What is the remainder when 4 is divided by k?
0
Suppose -5*r = -5*y + 75, -28 - 20 = -2*y - 4*r. Calculate the remainder when 17/2*4*1 is divided by y.
16
Let v be 4/16 + (-223)/(-4). Let x = 88 - v. Calculate the remainder when x is divided by 17.
15
Suppose -2*j + 2*q = -53 - 23, 4*j - 173 = -3*q. What is the remainder when 160 is divided by j?
37
Let h(g) = 16*g - 84. What is the remainder when h(8) is divided by 12?
8
Let l(x) = 4*x**3 + 3*x**2 - 8*x - 3. Let r be l(-5). Let p be r/14 - 4/14. Let j = p - -51. Calculate the remainder when j is divided by 12.
11
Let l = -3 - -5. Suppose -g = -l*g. Suppose 2*d + 8 = g, -5*m - 4*d = -0*d - 59. What is the remainder when 28 is divided by m?
13
Let d(i) = -i**2 - 3*i + 1. Let y be d(-3). Let p be (-3)/(2/(-2)*y). Suppose 9 = 3*g + p. What is the remainder when 4 is divided by g?
0
Let c(z) = -z + 10. What is the remainder when 86 is divided by c(-5)?
11
Let g = 2 + 1. Suppose 3*s - g = 3*r, s - 2*r + 3*r = -1. Suppose 0 = k - s*k - 31. What is the remainder when k is divided by 11?
9
Suppose 0 = -3*c + 5*i + 47, 3*c - 44 = 2*i - 0*i. Calculate the remainder when 26 is divided by c.
12
Suppose 0 = 3*k, 4*k + 64 = 4*n + k. Suppose 4*b - 56 = -n. What is the remainder when b is divided by 6?
4
Let a = -21 + 39. Calculate the remainder when 53 is divided by a.
17
Let a(c) = -c**3 + 3*c**2 + 6*c - 2. Let j be a(4). Suppose 4*k - k - j = 0. What is the remainder when (4/9)/((-4)/(-18)) is divided by k?
0
Suppose -5*t + 33 = 2*z, -z + 39 = -2*t - 0*t. What is the remainder when 115 is divided by z?
28
Let n be (-222)/(-9) - 1/(-3). Suppose n = -l + 2*l. Calculate the remainder when 49 is divided by l.
24
Let k be 4*2/4 + 7. Suppose -3*h + 27 = -k. Suppose -9*r + 4*u + 78 = -6*r, -31 = -r + 3*u. What is the remainder when r is divided by h?
10
Let o(d) = -2*d + 2. Let r be o(7). Suppose 2*w = 7*w - 140. What is the remainder when w is divided by (-25)/(-2)*r/(-15)?
8
Suppose -2*t - 5*t = -105. Calculate the remainder when t is divided by -6*(0 + 4/(-3)).
7
Suppose 0 = 4*b + u - 29, u = -b - 4*u + 12. Let n = -5 + b. Calculate the remainder when 6 is divided by n.
0
Let z(u) = 3*u**2 - 4*u - 4. Let d be z(8). Suppose 2*s - d = -2*s. What is the remainder when s is divided by 20?
19
Suppose -2*w = 15*w - 1105. Let p(v) = -v**3 - v**2 + v + 2. What is the remainder when w is divided by p(-3)?
14
Suppose m + 20 = u - m, -u + m + 15 = 0. What is the remainder when 28 is divided by u?
8
Let p = 2 + -1. Suppose 0 = -4*m - 12, 5*q + 21 = -3*m + 77. Calculate the remainder when q is divided by (p + -1*6)/(-1).
3
Let a = -16 + 23. Suppose 6 = q - s, 5*q - 2*s + 4*s - 23 = 0. Suppose 3*b - a = q. Calculate the remainder when b is divided by 2.
0
Let n(v) = -v**3 - 4*v**2 - 4*v + 3. What is the remainder when n(-4) is divided by 10?
9
What is the remainder when 8 is divided by (-27)/(-6) - 4/(-8)?
3
Suppose 2*b = -3*g + 16, b - 4*g + 0 + 3 = 0. Let v = b - -6. Calculate the remainder when 21 is divided by v.
10
Suppose -x + 7 = -s + 2*x, -2*x = -3*s - 7. What is the remainder when 10/14 - (-2)/7 is divided by 0 + (-1 - -3) + s?
0
Let z(p) = -p**2 + 17*p + 13. What is the remainder when 24 is divided by z(17)?
11
Suppose 5*f = 2*i - 17, 2*f - 31 = -5*i + 3*f. Suppose 0 = 3*y + 43 - 121. Suppose 4*v + i - y = 0. What is the remainder when v is divided by 2?
1
Suppose 30 + 35 = 5*l. Let g be (-9)/(-3) - (2 - 4). Suppose g*y - 20 = -o, -5*o - 5*y - 3 = -43. Calculate the remainder when l is divided by o.
3
Suppose -5*j + 4*j + 40 = 0. Calculate the remainder when 79 is divided by j.
39
Suppose 2*h + 7*h - 315 = 0. What is the remainder when 132 is divided by h?
27
Let v = 50 - 16. Suppose w - 22 = -2*y - 0*y, 5*w + y - 65 = 0. Calculate the remainder when v is divided by w.
10
Let s = 620 - 601. Calculate the remainder when -5*(-11 + 0/(-2)) is divided by s.
17
Let z = -4 + 59. What is the remainder when z is divided by 2/(2 - (-36)/(-19))?
17
Calculate the remainder when -2*(-1)/((-6)/(-39)) is divided by 5.
3
Suppose 3*s - 49 - 2 = 0. Suppose -5*a - 2*k = -s, -k + 10 + 0 = 3*a. Suppose a*n - 44 = n. Calculate the remainder when n is divided by 12.
10
Let r = 4 + 1. Let i = r + 4. What is the remainder when 25 is divided by i?
7
Let i(c) = -c**2 - 12*c - 12. What is the remainder when (6/(-4))/((-9)/264) is divided by i(-9)?
14
Let s(i) = i**2 - 3*i + 2. Suppose 5*t + 4*w = 31, -2*t + 7 = 2*w - 7. Calculate the remainder when 5 is divided by s(t).
1
Let p = -7 + 39. Let x(n) = -5*n. Let o(f) = -4*f + 1. Let c(z) = 6*o(z) - 5*x(z). What is the remainder when p is divided by c(11)?
15
What is the remainder when (20/8)/5*0 - -74 is divided by 15?
14
Let x = 1 + -1. Suppose 205 = -x*t + 5*t. Calculate the remainder when t is divided by 1 + 2 + (7 - -4).
13
Let w(n) = n + 3. Let r be w(0). Let x = 35 + -32. Suppose r*s + 4*l = 135, x*s - s - l - 101 = 0. What is the remainder when s is divided by 17?
15
Let o(x) = -x**3 - x + 10. Suppose -3*g = -0*g. Calculate the remainder when (2 + -1)/((-2)/(-38)) is divided by o(g).
9
Suppose n = -0*n + 11. What is the remainder when 18 is divided by n?
7
Suppose 0 = 3*q - 288 + 57. What is the remainder when q is divided by 13?
12
Let r = -24 - -59. Calculate the remainder when r is divided by 6.
5
Let k be 12/(-3)*51/12. Let y = 70 + k. Calculate the remainder when y is divided by 492/27 - (-2)/(-9).
17
Calculate the remainder when 5 - 2 - (-3*94)/2 is divided by 37.
33
Let a(x) = -11*x**2 - 6*x + 6. Let p(l) = -7*l**2 + 5*l + 11*l**2 - 5 + 6*l**2. Let y(m) = 5*a(m) + 6*p(m). What is the remainder when 13 is divided by y(1)?
3
Suppose -2*j - 27 + 95 = 0. What is the remainder when j is divided by 9?
7
Let y(i) = -2*i - 6. Let f be y(-4). Suppose q - 11 = f*m - 3*m, -q + 1 = 0. Suppose 4*w - m = 3*w. Calculate the remainder when w is divided by 4.
2
Let l be 0 - 2/(-2) - 5. Let h be l/6 - 32/(-3). Calculate the remainder when (-477)/(-15) - (-2)/h is divided by 17.
15
Let h = 59 + -28. What is the remainder when h is divided by ((-12)/(-9))/((-2)/(-12))?
7
Let w = 7 - -29. Suppose 5*h + 0*b = 5*b + 205, -h = 4*b - w. Suppose 5*a + 5*v - h = 0, -a + 3*v = 8*v - 4. What is the remainder when a is divided by 5?
4
Let g = -8 + 11. Let s(r) = -r**3 + 7*r**2 - 3*r + 2. What is the remainder when s(g) is divided by 10?
9
Suppose -5 = -m + 16. Calculate the remainder when -10*-3*(-4)/(-3) is divided by m.
19
Let y = 29 - 12. Let q(j) = 51*j. Let w(k) = -10*k. Let z(v) = -2*q(v) - 11*w(v). What is the remainder when z(4) is divided by y?
15
Suppose -3*m - 3*v = 2*v - 116, -m - v + 38 = 0. Let u = 41 - 18. Suppose -u = -3*r + 16. Calculate the remainder when m is divided by r.
11
Let u(h) = h**3 - 4*h**2 - 4*h + 1. Let r be u(5). What is the remainder when 14 is divided by (-85)/(-20) + r/8?
4
Let i(s) = -s**2 - 5*s + 1. Suppose -31 = -5*o + 4. Suppose -6*a - 13 = -o*a. Calculate the remainder when a is divided by i(-4).
3
Calculate the remainder when 244 is divided by ((-10)/(-8))/(-2*(-1)/56).
34
Suppose -133 = -3*z - 5*v, -2*z = -v + 4*v - 87. Suppose 3*p - z = 9. Calculate the remainder when 42 is divided by p.
12
Suppose 2*i + 45 - 73 = 0. Calculate the remainder when 53 is divided by i.
11
Let y = 28 + -6. Calculate the remainder when 6/33 + 1382/22 is divided by y.
19
Suppose 33 = 4*b - 55. What is the remainder when 85 is divided by b?
19
Let l be 203/21 + 2/6. Let k = l + -6. Calculate the remainder when k is divided by 3.
1
Suppose -4*h + 146 + 90 = 0. Calculate the remainder when h is divided by 20 + 2 + 2 - 4.
19
Let d = 8 - 4. Suppose 0*p - 4*g = p - 7, 5*p + d*g = 3. What is the remainder when 39 is divided by ((-3)/p)/9*42?
11
Let l = 13 - 0. Suppose -31 - 80 = -3*t. Calculate the remainder when t is divided by l.